{"id":301,"date":"2024-02-18T14:22:38","date_gmt":"2024-02-18T13:22:38","guid":{"rendered":"https:\/\/www.oposytif-formations.fr\/?page_id=301"},"modified":"2024-02-19T22:06:21","modified_gmt":"2024-02-19T21:06:21","slug":"frisbee","status":"publish","type":"page","link":"https:\/\/www.oposytif-formations.fr\/index.php\/frisbee\/","title":{"rendered":"Frisbee"},"content":{"rendered":"\n<p><strong>Exp\u00e9rience<\/strong><\/p>\n\n\n\n<ul class=\"wp-block-list\">\n<li>Sorties en pleine nature depuis plus de 13 ans<\/li>\n\n\n\n<li>Adepte du chat perch\u00e9<\/li>\n\n\n\n<li>D\u00e9gustation de denr\u00e9es laiss\u00e9es par m\u00e9garde \u00e0 ma port\u00e9e<\/li>\n<\/ul>\n\n\n\n<p><strong>Leitmotiv<\/strong><\/p>\n\n\n\n<ul class=\"wp-block-list\">\n<li>Accompagner mes ma\u00eetres le plus souvent possible<\/li>\n\n\n\n<li>Veiller sur ceux que j\u2019aime<\/li>\n\n\n\n<li>Savourer l\u2019instant pr\u00e9sent<\/li>\n<\/ul>\n\n\n\n<figure class=\"wp-block-image size-large\"><img loading=\"lazy\" decoding=\"async\" width=\"1024\" height=\"980\" src=\"https:\/\/www.oposytif-formations.fr\/wp-content\/uploads\/2024\/02\/Frisbee-noir-et-blanc-1024x980.jpg\" alt=\"\" class=\"wp-image-74\" srcset=\"https:\/\/www.oposytif-formations.fr\/wp-content\/uploads\/2024\/02\/Frisbee-noir-et-blanc-1024x980.jpg 1024w, https:\/\/www.oposytif-formations.fr\/wp-content\/uploads\/2024\/02\/Frisbee-noir-et-blanc-300x287.jpg 300w, https:\/\/www.oposytif-formations.fr\/wp-content\/uploads\/2024\/02\/Frisbee-noir-et-blanc-768x735.jpg 768w, https:\/\/www.oposytif-formations.fr\/wp-content\/uploads\/2024\/02\/Frisbee-noir-et-blanc-1536x1470.jpg 1536w, https:\/\/www.oposytif-formations.fr\/wp-content\/uploads\/2024\/02\/Frisbee-noir-et-blanc-2048x1961.jpg 2048w\" sizes=\"auto, (max-width: 1024px) 100vw, 1024px\" \/><\/figure>\n","protected":false},"excerpt":{"rendered":"<p>Exp\u00e9rience Leitmotiv<\/p>\n","protected":false},"author":1,"featured_media":0,"parent":0,"menu_order":0,"comment_status":"closed","ping_status":"closed","template":"","meta":{"footnotes":""},"class_list":["post-301","page","type-page","status-publish","hentry"],"_links":{"self":[{"href":"https:\/\/www.oposytif-formations.fr\/index.php\/wp-json\/wp\/v2\/pages\/301","targetHints":{"allow":["GET"]}}],"collection":[{"href":"https:\/\/www.oposytif-formations.fr\/index.php\/wp-json\/wp\/v2\/pages"}],"about":[{"href":"https:\/\/www.oposytif-formations.fr\/index.php\/wp-json\/wp\/v2\/types\/page"}],"author":[{"embeddable":true,"href":"https:\/\/www.oposytif-formations.fr\/index.php\/wp-json\/wp\/v2\/users\/1"}],"replies":[{"embeddable":true,"href":"https:\/\/www.oposytif-formations.fr\/index.php\/wp-json\/wp\/v2\/comments?post=301"}],"version-history":[{"count":3,"href":"https:\/\/www.oposytif-formations.fr\/index.php\/wp-json\/wp\/v2\/pages\/301\/revisions"}],"predecessor-version":[{"id":414,"href":"https:\/\/www.oposytif-formations.fr\/index.php\/wp-json\/wp\/v2\/pages\/301\/revisions\/414"}],"wp:attachment":[{"href":"https:\/\/www.oposytif-formations.fr\/index.php\/wp-json\/wp\/v2\/media?parent=301"}],"curies":[{"name":"wp","href":"https:\/\/api.w.org\/{rel}","templated":true}]}}